t is the units digit of o?
5
Let m(w) = 2*w**2 + 11*w + 14. Let y be m(-6). What is the units digit of (64/y)/(2/5)?
8
Suppose p - 3 = -2*n + 3*n, -3*n + 1 = -p. Suppose -32 = -n*d - 0*d. What is the tens digit of d?
1
Let k(g) = -2*g**2 - g**2 + 2*g**2 + 9*g + 7 + 2*g**2. What is the units digit of k(-9)?
7
Let c = 3 + -1. Let t be 13 + 1 + 0/c. What is the units digit of (12/(-14))/((-2)/t)?
6
Let u(y) = 8*y**3 - y**2 + y. Let j = -1 + 4. Suppose 2 = -m + 3*s - j, -m + 4*s - 7 = 0. What is the units digit of u(m)?
8
Let f(v) = v**3 + 3*v**2 - 2*v - 9. What is the units digit of f(4)?
5
Let h(l) = 7*l + 41. What is the units digit of h(0)?
1
Suppose z = 45 + 54. What is the units digit of z?
9
Let h(i) be the first derivative of 3*i**3 - i**2/2 - i + 2. What is the units digit of h(-1)?
9
Let s(d) = d - 3. Let m be s(0). What is the units digit of (-94)/(-6) - m/9?
6
Let g(m) = 1 - 7*m**2 - 2*m + m**3 - m + 3*m**2 - 2*m**3. What is the tens digit of g(-4)?
1
Let u = 32 - 21. What is the units digit of u?
1
Suppose -4*h - 7 = 3*g, h - 5*g - 17 = 5*h. Let u = 61 + -57. Suppose u*j + 5 = i - 0, -j = -h*i + 31. What is the tens digit of i?
1
Suppose -m - 3*m = 2*r - 902, 0 = 4*m + r - 905. What is the tens digit of m?
2
Let j(x) = -3*x - 3. Let d be j(-2). Suppose -2*p - 25 = -d*p + 5*k, 3*p - 24 = -2*k. What is the units digit of p?
0
Suppose -19*c + 1432 = -11*c. What is the tens digit of c?
7
Suppose 5*u = 6*u - 11. Suppose 23 - 83 = -4*p. Let f = p - u. What is the units digit of f?
4
Suppose 3*g = -20 - 40. Let f be ((-24)/g)/(2/70). Suppose -3*u - 33 = -4*h, -2*u = 5*h - 5 - f. What is the units digit of h?
9
Let u(h) = -h**2 + 8*h - 10. Let j be u(7). What is the units digit of (-12)/j - 3 - -2?
3
Suppose 9*w - 35 = 4*w. What is the units digit of w?
7
Suppose -5*h + g = -345, -h + 0*g = -3*g - 55. What is the tens digit of h?
7
Let d(k) = 4*k**2 - 6*k + 3. What is the tens digit of d(-5)?
3
Let p = 12 - 8. Suppose 4*j - 8 - p = 0. What is the units digit of j?
3
What is the hundreds digit of 4/(-6) - (-20380)/60?
3
Let p = 36 - 19. Let s be 1/2*(2 - -10). Let t = p - s. What is the units digit of t?
1
Suppose 2*d + 6 = 3*m - 7*m, -2*d - 2 = 3*m. Suppose 0 = 3*g - g. Suppose g = s + 3*n - d, -3*s + 2*n = n - 5. What is the units digit of s?
2
Let r = 27 + -27. Suppose -5 = z + 4*o - 0*o, 0 = -4*z - 2*o - 6. What is the units digit of r - z - (-21)/3?
8
Let w be 0*(-1 - (2 - 4)). Suppose -4*d = -6*d + 14. Let f = w + d. What is the units digit of f?
7
Let u = 13 - -12. What is the tens digit of u?
2
What is the units digit of 1804/(-33)*((-1)/(-2) - 2)?
2
Suppose -2*i - 35 = -3*f, -2*f = -2*i - 12 - 12. What is the tens digit of f?
1
Suppose 2*v + 2 - 4 = 0. Let h(s) = -2*s - 3. Let u be h(3). What is the units digit of 6/(-9)*u/v?
6
Let l = -5 - -9. Suppose -c + 4*g - g - 8 = 0, 5*c + 7 = l*g. What is the units digit of c?
1
Let w = 17 + -7. What is the tens digit of w?
1
Suppose 4*b = -b + 25. Suppose b*z + 2*f - 63 = 0, -f = z + 6 - 18. What is the units digit of z?
3
Let x(b) = -b**3 + 9*b**2 + 9*b + 13. Let y be x(10). Let d = 8 - y. What is the units digit of d?
5
Let r(a) = -1 + 3*a + a - 3*a. Let d be r(6). Let z(x) = x**2 - 4*x + 2. What is the units digit of z(d)?
7
Let m(n) = -47*n + 29. What is the tens digit of m(-3)?
7
Suppose 4*g + 3*b = 116, -8 - 6 = -g + 3*b. What is the tens digit of g?
2
Let x = -2 + 128. What is the units digit of x?
6
Suppose 0 = 5*w + 1 - 21, -d + 105 = 4*w. What is the units digit of d?
9
Suppose 0*z - 5*z = -25. Let g = z + -3. Suppose 7 + 13 = g*p. What is the tens digit of p?
1
Suppose 2*j + 2 = -3*a + 195, -a + 36 = -5*j. What is the tens digit of a?
6
Suppose 148 = -v + 5*v. What is the units digit of v?
7
Suppose -k - 14 = -3*w, 0*k - 5*k - 42 = -w. What is the units digit of 148/16 + 2/k?
9
Let g be (-66)/(1 - 2) + 4. Suppose 7*z - g = 2*z. What is the tens digit of z?
1
Let j(c) = -c + 5. Let a be j(4). Suppose a = 2*t - 11. What is the units digit of t?
6
What is the tens digit of (33 + 5)*(3 + -1)?
7
Suppose -v + 2*r = -r - 70, -140 = -2*v - 2*r. What is the units digit of v?
0
Let g = -15 - -16. What is the units digit of g?
1
Let m(a) = a**2 - 14*a + 5. Let d be m(10). Let v = -25 - d. What is the tens digit of v?
1
Let c be 28/6 - (-2)/6. Suppose u - 2*y + 0*y - 8 = 0, 8 = u - c*y. What is the units digit of u?
8
Let y = -7 + 3. Let o = -2 - y. What is the units digit of o?
2
Let i be (2 - -37 - 3)*1. Let t = -23 + i. What is the units digit of t?
3
Let s be 8/(-36) + (-38)/(-9). Let o be (-49)/14 + 2/s. Let a = o + 4. What is the units digit of a?
1
Let x be (-106)/10 - 18/(-30). Let z(k) = 12 + k + 4 + 2. What is the units digit of z(x)?
8
Let z(a) = 3*a + 3. Let h be z(-2). What is the tens digit of 6/(-9) + (-65)/h?
2
Let s be -1*5/((-15)/(-24)). Let l = s - -11. Suppose -l = -6*x + 3*x. What is the units digit of x?
1
Let t(p) be the first derivative of -p**2/2 + 4*p - 1. Let o be t(4). Let i = o + 9. What is the units digit of i?
9
Let i(t) = -3*t + 8*t**2 + 2*t - 9*t**2 + 3. What is the units digit of i(0)?
3
Let v = 0 - -3. What is the tens digit of v/(-3) - 11*-1?
1
Suppose 3*w - 621 - 69 = 0. What is the tens digit of w?
3
Let u(b) = 4*b - 7. Suppose -6*w = -w - 25. What is the tens digit of u(w)?
1
Suppose 0 = 3*f + 12 - 18. Suppose 3*w + 8 = 2*k - 70, -8 = f*w. What is the tens digit of k?
3
What is the tens digit of 2/(-2*5/(-880))?
7
Suppose -5*v = -2*w + 64, 11*v + 86 = 3*w + 6*v. Suppose -j - 4*p = -w, -7 = -3*p - 1. What is the tens digit of j?
1
Suppose 2*o + 2 = -q, 3*o - 2*o - 6 = -4*q. What is the units digit of q?
2
Let q = 177 + -93. Suppose l = 4*l - q. What is the tens digit of l?
2
Let f be (0 + -3)*(-2)/(-3). Let s be (f + 1)*(2 - -4). Let p = -4 - s. What is the units digit of p?
2
Let a(r) = r**2 - r - 1. Suppose 0 = -2*d + 4 - 0. What is the units digit of a(d)?
1
Let i = 2 + -2. Let b(m) = 8*m + i*m - m**3 - 6*m**2 - m + 10. What is the tens digit of b(-7)?
1
What is the tens digit of (35/10)/(2/76)?
3
Suppose 4*l = -3*q + 44, -13 = 4*l + 3. What is the units digit of q?
0
Let i be 3 + (1 + -1)/2. Suppose -38 = i*s - 11. What is the units digit of (-7)/s + (-2)/(-9)?
1
Let h = 84 - 44. Let o = h + -14. What is the tens digit of o?
2
Let r(m) = -m**3 + 4*m**2 - 4*m + 3. Let z be r(3). Suppose z = -0*h - 2*h - 24. What is the units digit of h/(-5) + (-4)/10?
2
Let m(y) = -y**3 + y**2 + 2*y - 2. Let o be m(2). Let p(u) = -u**2 - 5*u - 3. Let s be p(o). What is the units digit of -6 + 3 + 11 - s?
5
Suppose 3*q = 1 + 20. Suppose -2*m - m - 36 = -3*w, -w + q = 4*m. What is the tens digit of w?
1
Let d be (-2)/(-10) + 304/(-20). Let b = 27 + d. What is the tens digit of b?
1
Suppose 6*q - 3*q = 9. Suppose -z + 0 = 4*t + 2, q*z - 5*t + 6 = 0. Let w = z + 6. What is the units digit of w?
4
Let w(m) be the first derivative of m**2/2 + 4*m + 3. What is the units digit of w(-3)?
1
Let s(o) = o**3 + 5*o**2 - 8*o - 3. Let g be s(-6). What is the units digit of g*(14/(-6) - -3)?
6
Let w(l) = 39*l**2 + l - 5. What is the tens digit of w(2)?
5
Suppose -8 = -0*g - 4*g. Suppose -g*x = -4*x. Suppose x = 4*m, 0*m = 3*r + 5*m - 9. What is the units digit of r?
3
Let w(i) = i**2 + 8. Let x be w(12). Suppose -l - l = 3*s - 104, -4*s + x = -4*l. What is the tens digit of (s/10)/((-2)/(-10))?
1
Suppose -35 + 22 = -f. What is the units digit of (-12)/(-78) - (-102)/f?
8
Suppose -4*q + q + 150 = 0. What is the tens digit of q?
5
What is the units digit of 0 + 20 + (-6)/6?
9
Let p = 2 - 4. What is the units digit of p/6 - (-84)/9?
9
Suppose 28 - 6 = 2*r. Let x = 42 - r. What is the units digit of x?
1
Let n be (3 + -2)/(-1) + 53. Let k = n + -27. What is the tens digit of k?
2
Let l(h) = -h**2 + 3*h + 3. Let f be l(3). What is the units digit of (3 + -2 - f)/(-2)?
1
Let n be 14/(6/3 - 0). Suppose 0 = 3*l - n*l. Let a = 1 + l. What is the units digit of a?
1
Let j(x) = x**2 - 8*x + 9. Let u(i) be the third derivative of i**4/24 + i**3/6 + 2*i**2. Let s be u(6). What is the units digit of j(s)?
2
Let i be 0 - 1*(-1 + -3). Suppose -i*g = g. Let r = 4 - g. What is the units digit of r?
4
Let w(d) = -d**3 - 5*d**2 + 7*d + 8. Let b be w(-6). Suppose -4*j = -3*f + 5 + 13, -j = 4*f - 5. Wh